x + 4. Let k be p(f). Let g = 64 + k. What is the tens digit of g?
3
Let j = -1 + -1. Let z be -3*(250/(-6) + j). Suppose 48 = 5*s - m - 102, 4*s - z = 3*m. What is the units digit of s?
9
Let t = -44 + 48. Let k = 30 - t. What is the units digit of k?
6
Let m(g) = 3*g**2 + 43*g + 34. Let t(c) = c**2 + 14*c + 11. Let o(w) = 2*m(w) - 7*t(w). Let l be 4/6 - 28/6. What is the units digit of o(l)?
3
Let n = 114 - 246. Let t = n + 185. What is the tens digit of t?
5
Suppose 6*d + 272 = g + 3*d, -2*g + 528 = 2*d. What is the tens digit of g?
6
Let d = -56 - -157. What is the tens digit of d?
0
Let w(t) = 39*t + 17*t + 5*t - 16*t + 1. Let o be w(1). Suppose y - 5 = 0, -3*r + y + 0*y = -o. What is the units digit of r?
7
Let d(y) = -19*y + 20. Let m be d(-9). Suppose 3*x + 0*x = 4*n + 121, -5*x + m = -4*n. What is the tens digit of x?
3
Let o(q) = q**3 - 15*q**2 - 15*q - 57. What is the tens digit of o(18)?
4
Let s = 5081 - 3384. What is the units digit of s?
7
Let w(y) = -10*y + 10. Suppose -7*m + 20 - 76 = 0. What is the tens digit of w(m)?
9
Let t(k) = k**2 + 9*k + 12. Let v be t(-8). Suppose -v*d + 3 = -1. What is the tens digit of (1 - 0)/d*13?
1
Suppose 9*i = 16*i - 917. Suppose 2*m - 77 = i. What is the tens digit of m?
0
Let w = 181 + -106. Suppose 3*n = -4*f + 210, 0 = -60*f + 62*f + 5*n - 112. Let x = w - f. What is the tens digit of x?
2
Let y = 191 - -332. What is the tens digit of y?
2
Suppose 5*x - 6 = 2*b, 0*b = 5*x - 4*b - 12. Suppose 6*o - 957 - 555 = x. What is the tens digit of o?
5
Let s = -160 + 266. Let y = -42 + s. What is the units digit of y?
4
Suppose -5*z - 24 = -u, -u + 0*u + 4*z + 20 = 0. Suppose u*x = -0*x + 3*v + 55, -x = v - 12. What is the units digit of x?
3
Let j be (-2)/(-2) - (-44 + -6). Suppose 31 - 47 = -8*d. Suppose -3 = d*g - j. What is the tens digit of g?
2
Suppose 2*y + 4*m = 22, 5*m + 38 + 17 = 3*y. Let n be -4 - y/25*5. What is the units digit of n/(-1)*(4 + 3)?
9
Let i = 45 + -43. Suppose -30 - 14 = -i*k. What is the units digit of k?
2
What is the tens digit of (-241118)/(-217) + 1/(-7)?
1
Let n(t) = -2*t + 14. Let m be n(7). Suppose m*x - 140 = -4*x. What is the units digit of x?
5
Suppose 10*f - 28*f + 14184 = 0. What is the tens digit of f?
8
Let m = 26 - -396. What is the hundreds digit of m?
4
Let k be ((-6)/(-9))/((-2)/(-21)). Let b = k + -10. Let z = b + 13. What is the units digit of z?
0
Let o(i) = -i**3 - i**2 + 3. Let j be o(0). Suppose j*x + 2 = x. What is the tens digit of 96/30*(11 + x)?
3
Let z(f) = -20 - 3*f + 9*f - 1. Suppose 4*w + 5*q - 20 = 0, -7*w + 46 = -4*w - 4*q. What is the tens digit of z(w)?
3
What is the hundreds digit of (-19221)/(-596)*28/3?
3
Let o = -113 - -116. Suppose -5*j + 1555 = -m, 2*j - o*m = -4*m + 622. What is the hundreds digit of j?
3
Let a(w) = w**2 - 7*w + 11. Let m be a(8). Let j = m + 3. What is the tens digit of j?
2
Let h(y) = 4*y**2 + 5*y**2 + 2*y + 2 - 5*y. Let v = -290 + 292. What is the units digit of h(v)?
2
Suppose -2*n - n = 5*z + 20, -5*z - 20 = -5*n. Let x be n/1*(4 - 5). Suppose x = -3*p - 3*s + 114, 4*p - 3*p = -5*s + 46. What is the units digit of p?
6
Let v(f) = f + 35. Let p(s) = -4*s - 104. Let g(l) = -4*p(l) - 11*v(l). What is the tens digit of g(18)?
2
Suppose 5*b - d = 8138, -4*b - 37*d = -36*d - 6505. What is the hundreds digit of b?
6
Suppose -830 = -2*q - 2*c, -5*c = -3*q - 4*c + 1249. What is the tens digit of q?
1
Let s = -2916 - -5026. What is the tens digit of s?
1
Let k = -25 - -21. What is the tens digit of (-571)/k - (-4)/(96/6)?
4
What is the hundreds digit of 8/6*((-43615)/(-22) + 11)?
6
Suppose 0 = g + 312 - 390. What is the units digit of g?
8
Suppose 128294 = 19*j + 27*j. What is the thousands digit of j?
2
Let v(n) = 2*n**3 + n + 2. Let x be v(-1). What is the units digit of (4 + x - -2) + -3?
2
Let y = 37 + -18. Suppose 5*t = 5*u, y + 13 = 4*u + 4*t. What is the tens digit of u/(4/84*3)?
2
Suppose a + 3 = 3*o - 0*o, -3*o = -2*a. What is the tens digit of o*((-51)/4)/((-21)/14)?
1
Suppose -o = 2*l - 31, 0 = 2*o + l - 47 - 15. Let j = o - -14. Let d = 81 - j. What is the units digit of d?
6
Suppose -3*m - 2*m + 5 = 0. Let k be (6/4)/((-3)/6). What is the units digit of m + (k - -4) + 37?
9
Let z(v) = v**3 - 5*v**2 + 4*v + 4. Suppose -2*r + 4*o = -6*r + 28, o = -4*r + 22. Suppose -r*t = 13 - 43. What is the tens digit of z(t)?
6
Let q(a) = -a**3 + a**2 + 7*a. Let m be q(3). What is the units digit of m + 16 + (-8)/(-4)?
1
Suppose -2*m = -4*v + 7 - 3, 2*m - 14 = -5*v. Suppose -v*z + 71 = -23. What is the units digit of z?
7
What is the units digit of 32*6*(-8)/36*-3?
8
Suppose -68*u + 64*u = -1200. What is the hundreds digit of u?
3
Suppose -2*l + 2373 + 2396 = -5*q, -5*l = 4*q - 12005. What is the hundreds digit of l?
3
Let z be (1 - -3) + -3 + -2. What is the units digit of z + -3 - (-56 - 0)?
2
Let s(t) = -t**3 - 5*t**2 + 6*t + 5. Let k be s(-6). Suppose k*c + 2*c = 154. What is the units digit of c?
2
Suppose 4*h = 3*x + 7*h - 3969, -5*h - 6615 = -5*x. What is the tens digit of x?
2
Let u = 21 + -26. Let v be (-131)/u - 8/40. Suppose -4*n - 30 = -4*l + v, 3*l = -n + 42. What is the units digit of l?
4
What is the hundreds digit of 42/189 - (-9698)/18?
5
Let t(z) = -649*z + 34. What is the hundreds digit of t(-2)?
3
Let f be (4/(-3))/((-4)/(-6)). Let c be 4/8*f*-178. What is the tens digit of c/11 + (-4)/22?
1
Let z = 419 - -505. What is the hundreds digit of z?
9
Let h = 942 + -700. What is the hundreds digit of h?
2
Let l(q) = q + 1. Let o(y) = -y**2 - 24*y - 16. Let j(x) = 3*l(x) + o(x). Let v = -109 - -91. What is the units digit of j(v)?
1
Let m(p) = 2*p - 12. Let d be m(8). Let g(r) = r**3 + 7*r**2 - 3*r - 8. What is the tens digit of g(d)?
5
Let c(i) = i**3 - 11*i**2 - 29*i - 63. What is the hundreds digit of c(17)?
1
Let o(b) = 19*b**3 + 2*b - 1. Let p be o(1). Suppose a = -4*a + p. Suppose a*t - 305 = -t. What is the units digit of t?
1
Let t = 17 + -28. Let a = t + 18. Suppose -4*y = -a*y + 96. What is the units digit of y?
2
Suppose -142 = -5*b + 5*x - 12, b = -5*x + 26. Let i = 65 - b. What is the units digit of i?
9
Let w(u) = -u**3 + u**2 - 3*u + 5. Let g be w(2). Let y(r) = -11*r - 7. Let c be y(g). What is the tens digit of (c/(-30))/((-4)/130)?
5
Suppose -1427 = -3*n - 3*t + 1087, 0 = 5*n - 4*t - 4235. What is the hundreds digit of n?
8
Suppose -1122 + 5196 = 3*c. What is the hundreds digit of c?
3
Suppose 2895 = -2*z + 4*z - 5*k, 5*k - 5775 = -4*z. What is the tens digit of z?
4
Let n(w) be the second derivative of w**3 - 6*w**2 - 2*w. Let d = -23 - -29. What is the units digit of n(d)?
4
Let a(f) = f + 14. Let d be a(-7). Let o = -17 - -17. Suppose o = -d*v + 2*v + 110. What is the tens digit of v?
2
Suppose -l = 3*l - 12. Suppose l*q = 8*q + d - 69, -d = -4. What is the units digit of q?
3
Let o = 8 - 0. Suppose -o*b + 132 = -5*b. What is the units digit of b?
4
Let w(y) = -y**3 + 14*y**2 - 7*y + 11. Suppose 2*i - 104 = -6*i. What is the tens digit of w(i)?
8
Let u(o) = 5*o + 10. Suppose 45*c = 47*c - 20. What is the units digit of u(c)?
0
What is the tens digit of 132524/105 + 2/90*-6?
6
Suppose 4*u = -12 - 12. What is the units digit of 51 + 6 + 2 + u?
3
Suppose m + 4*q - 334 = 0, -5*m - 3*q + 5*q = -1582. Suppose 11*y = 13*y - m. What is the units digit of y?
9
Suppose 4*s = -s - 365. Suppose -252*g + 244*g + 832 = 0. Let u = s + g. What is the units digit of u?
1
What is the tens digit of (-1)/(-1)*16*615/60?
6
Suppose 20 = 2*k - 4*g, 4*k + 0*g = -g + 4. Suppose 7 = -k*j + 3*j. Suppose b = -3*l + 64, 3 = 2*l - j. What is the units digit of b?
9
Let i = -320 - -1156. What is the units digit of i?
6
What is the tens digit of (9 - (3120 + 6))*(-2)/3?
7
Let p(v) = 14*v**2 - 24*v - 197. What is the tens digit of p(-7)?
5
Let w(n) = 3*n + 2. Let h be w(7). Let q = 46 + h. What is the tens digit of q?
6
Suppose -d + 2*d + 938 = 5*y, -5*y = -4*d - 932. What is the units digit of y?
8
Let d(f) = 2*f**2 + 56*f + 70. What is the units digit of d(-47)?
6
Let b(k) = k**3 + 8*k**2 + 4*k - 9. Let a be b(-5). Suppose -2*x = -5*o - a + 332, 4*o + 4*x = 212. What is the units digit of o?
6
Let k(x) = -x**2 + 10*x - 8. Let h be k(6). Suppose 7*p + 36 = 4*p. Let g = h + p. What is the units digit of g?
4
Let l(m) =